{"id":306,"date":"2024-06-07T11:48:22","date_gmt":"2024-06-07T11:48:22","guid":{"rendered":"https:\/\/next.afsl.se\/?post_type=afsl_area&#038;p=306"},"modified":"2025-04-24T10:30:34","modified_gmt":"2025-04-24T10:30:34","slug":"kv-varmevaxlaren","status":"publish","type":"afsl_area","link":"https:\/\/afsl.se\/index.php\/afsl_area\/kv-varmevaxlaren\/","title":{"rendered":"Kv V\u00e4rmev\u00e4xlaren"},"content":{"rendered":"<p><a href=\"https:\/\/afsl.se\/wp-content\/uploads\/2024\/05\/AFSL-Granskningsyttrande-Varmevaxlaren.pdf\">AFSL Granskningsyttrande kv Va\u0308rmeva\u0308xlaren 231130<\/a><\/p>\n<p><a href=\"https:\/\/afsl.se\/wp-content\/uploads\/2024\/06\/Granskningsutlatande-2024-04-09.pdf\">Granskningsutla\u030atande 2024-04-09<\/a>\u00a0 Lunds kommun: Granskningsutl\u00e5tande f\u00f6r detaljplanen V\u00e4rmev\u00e4xlaren 3 m.fl. i Lund 2024-04-09<\/p>\n<p><a href=\"https:\/\/afsl.se\/wp-content\/uploads\/2024\/05\/granskn-Varmev-AFSL.pdf\">Granskningsutl\u00e5tande kv Va\u0308rmev\u00e4xlaren AFSL m fl<\/a> 2024-04-09<\/p>\n<p><a href=\"https:\/\/afsl.se\/wp-content\/uploads\/2024\/06\/Meddelande-om-granskningsutlatande-2024-04-10-AFSL.pdf\">Meddelande om granskningsutla\u030atande 2024-04-10 AFSL<\/a><\/p>\n<p><a href=\"https:\/\/lund.se\/stadsutveckling-och-trafik\/detaljplaner-och-oversiktlig-planering\/detaljplaner\/samrad-och-framat\/varmevaxlaren-3\">https:\/\/lund.se\/stadsutveckling-och-trafik\/detaljplaner-och-oversiktlig-planering\/detaljplaner\/samrad-och-framat\/varmevaxlaren-3<\/a><\/p>\n<p><a href=\"https:\/\/afsl.se\/wp-content\/uploads\/2024\/06\/AFSLs-overklagan-kv-Varmevaxlaren-Mark-och-miljodomstolen-i-Vaxjo-20240924.pdf\">AFSLs o\u0308verklagan kv Va\u0308rmeva\u0308xlaren Mark- och miljo\u0308domstolen i Va\u0308xjo\u0308 20240924<\/a><\/p>\n<p><a href=\"https:\/\/afsl.se\/wp-content\/uploads\/2024\/06\/Svar-MOD-forelaggande-P-3141-25-antagande-av-detaljplan-fastigheten-Varmevaxlaren-3-m.fl_.-i-Lunds-kommun.pdf\">Svar MO\u0308D fo\u0308rela\u0308ggande P 3141-25, antagande av detaljplan, fastigheten Va\u0308rmeva\u0308xlaren 3 m.fl., i Lunds kommun<\/a> 2025-04-24<\/p>\n","protected":false},"template":"","categories":[8],"class_list":["post-306","afsl_area","type-afsl_area","status-publish","hentry","category-vasterbro"],"_links":{"self":[{"href":"https:\/\/afsl.se\/index.php\/wp-json\/wp\/v2\/afsl_area\/306","targetHints":{"allow":["GET"]}}],"collection":[{"href":"https:\/\/afsl.se\/index.php\/wp-json\/wp\/v2\/afsl_area"}],"about":[{"href":"https:\/\/afsl.se\/index.php\/wp-json\/wp\/v2\/types\/afsl_area"}],"wp:attachment":[{"href":"https:\/\/afsl.se\/index.php\/wp-json\/wp\/v2\/media?parent=306"}],"wp:term":[{"taxonomy":"category","embeddable":true,"href":"https:\/\/afsl.se\/index.php\/wp-json\/wp\/v2\/categories?post=306"}],"curies":[{"name":"wp","href":"https:\/\/api.w.org\/{rel}","templated":true}]}}

Kv Värmeväxlaren

<p><a href="https://afsl.se/wp-content/uploads/2024/05/AFSL-Granskningsyttrande-Varmevaxlaren.pdf">AFSL Granskningsyttrande kv Värmeväxlaren 231130</a></p>
<p><a href="https://afsl.se/wp-content/uploads/2024/06/Granskningsutlatande-2024-04-09.pdf">Granskningsutlåtande 2024-04-09</a>  Lunds kommun: Granskningsutlåtande för detaljplanen Värmeväxlaren 3 m.fl. i Lund 2024-04-09</p>
<p><a href="https://afsl.se/wp-content/uploads/2024/05/granskn-Varmev-AFSL.pdf">Granskningsutlåtande kv Värmeväxlaren AFSL m fl</a> 2024-04-09</p>
<p><a href="https://afsl.se/wp-content/uploads/2024/06/Meddelande-om-granskningsutlatande-2024-04-10-AFSL.pdf">Meddelande om granskningsutlåtande 2024-04-10 AFSL</a></p>
<p><a href="https://lund.se/stadsutveckling-och-trafik/detaljplaner-och-oversiktlig-planering/detaljplaner/samrad-och-framat/varmevaxlaren-3">https://lund.se/stadsutveckling-och-trafik/detaljplaner-och-oversiktlig-planering/detaljplaner/samrad-och-framat/varmevaxlaren-3</a></p>
<p><a href="https://afsl.se/wp-content/uploads/2024/06/AFSLs-overklagan-kv-Varmevaxlaren-Mark-och-miljodomstolen-i-Vaxjo-20240924.pdf">AFSLs överklagan kv Värmeväxlaren Mark- och miljödomstolen i Växjö 20240924</a></p>
<p><a href="https://afsl.se/wp-content/uploads/2024/06/Svar-MOD-forelaggande-P-3141-25-antagande-av-detaljplan-fastigheten-Varmevaxlaren-3-m.fl_.-i-Lunds-kommun.pdf">Svar MÖD föreläggande P 3141-25, antagande av detaljplan, fastigheten Värmeväxlaren 3 m.fl., i Lunds kommun</a> 2025-04-24</p>
